{"id":13,"date":"2021-03-29T00:51:01","date_gmt":"2021-03-29T00:51:01","guid":{"rendered":"https:\/\/crpasteur.com\/?page_id=13"},"modified":"2025-04-02T12:39:01","modified_gmt":"2025-04-02T17:39:01","slug":"blog","status":"publish","type":"page","link":"https:\/\/crpasteur.com\/index.php\/blog\/","title":{"rendered":"Convivencia"},"content":{"rendered":"\t\t<div data-elementor-type=\"wp-page\" data-elementor-id=\"13\" class=\"elementor elementor-13\">\n\t\t\t\t\t\t\t\t\t<section class=\"elementor-section elementor-top-section elementor-element elementor-element-0ace527 elementor-section-boxed elementor-section-height-default elementor-section-height-default\" data-id=\"0ace527\" data-element_type=\"section\" data-settings=\"{&quot;background_background&quot;:&quot;classic&quot;}\">\n\t\t\t\t\t\t<div class=\"elementor-container elementor-column-gap-default\">\n\t\t\t\t\t<div class=\"elementor-column elementor-col-100 elementor-top-column elementor-element elementor-element-c096d14\" data-id=\"c096d14\" data-element_type=\"column\">\n\t\t\t<div class=\"elementor-widget-wrap elementor-element-populated\">\n\t\t\t\t\t\t\t\t<div class=\"elementor-element elementor-element-10d8016 elementor-widget elementor-widget-spacer\" data-id=\"10d8016\" data-element_type=\"widget\" data-widget_type=\"spacer.default\">\n\t\t\t\t<div class=\"elementor-widget-container\">\n\t\t\t\t\t<div class=\"elementor-spacer\">\n\t\t\t<div class=\"elementor-spacer-inner\"><\/div>\n\t\t<\/div>\n\t\t\t\t<\/div>\n\t\t\t\t<\/div>\n\t\t\t\t<div class=\"elementor-element elementor-element-3d0496c elementor-widget elementor-widget-image\" data-id=\"3d0496c\" data-element_type=\"widget\" data-widget_type=\"image.default\">\n\t\t\t\t<div class=\"elementor-widget-container\">\n\t\t\t\t\t\t\t\t\t\t\t\t\t\t\t<img loading=\"lazy\" decoding=\"async\" width=\"447\" height=\"448\" src=\"https:\/\/crpasteur.com\/wp-content\/uploads\/2021\/04\/Icono-Comunicados.png\" class=\"attachment-large size-large\" alt=\"\" srcset=\"https:\/\/crpasteur.com\/wp-content\/uploads\/2021\/04\/Icono-Comunicados.png 447w, https:\/\/crpasteur.com\/wp-content\/uploads\/2021\/04\/Icono-Comunicados-300x300.png 300w, https:\/\/crpasteur.com\/wp-content\/uploads\/2021\/04\/Icono-Comunicados-150x150.png 150w\" sizes=\"auto, (max-width: 447px) 100vw, 447px\" \/>\t\t\t\t\t\t\t\t\t\t\t\t\t\t\t<\/div>\n\t\t\t\t<\/div>\n\t\t\t\t<div class=\"elementor-element elementor-element-f6ff5b3 elementor-widget elementor-widget-spacer\" data-id=\"f6ff5b3\" data-element_type=\"widget\" data-widget_type=\"spacer.default\">\n\t\t\t\t<div class=\"elementor-widget-container\">\n\t\t\t\t\t<div class=\"elementor-spacer\">\n\t\t\t<div class=\"elementor-spacer-inner\"><\/div>\n\t\t<\/div>\n\t\t\t\t<\/div>\n\t\t\t\t<\/div>\n\t\t\t\t\t<\/div>\n\t\t<\/div>\n\t\t\t\t\t\t\t<\/div>\n\t\t<\/section>\n\t\t\t\t<section class=\"elementor-section elementor-top-section elementor-element elementor-element-a39901e elementor-section-boxed elementor-section-height-default elementor-section-height-default\" data-id=\"a39901e\" data-element_type=\"section\">\n\t\t\t\t\t\t<div class=\"elementor-container elementor-column-gap-default\">\n\t\t\t\t\t<div class=\"elementor-column elementor-col-100 elementor-top-column elementor-element elementor-element-b8ecc4e\" data-id=\"b8ecc4e\" data-element_type=\"column\">\n\t\t\t<div class=\"elementor-widget-wrap elementor-element-populated\">\n\t\t\t\t\t\t\t\t<div class=\"elementor-element elementor-element-644724c elementor-widget elementor-widget-heading\" data-id=\"644724c\" data-element_type=\"widget\" data-widget_type=\"heading.default\">\n\t\t\t\t<div class=\"elementor-widget-container\">\n\t\t\t<h2 class=\"elementor-heading-title elementor-size-default\">Compartimos informaci\u00f3n relevante:<\/h2>\t\t<\/div>\n\t\t\t\t<\/div>\n\t\t\t\t<div class=\"elementor-element elementor-element-25bf7a8 elementor-widget elementor-widget-text-editor\" data-id=\"25bf7a8\" data-element_type=\"widget\" data-widget_type=\"text-editor.default\">\n\t\t\t\t<div class=\"elementor-widget-container\">\n\t\t\t\t\t\t\t<div style=\"text-align: left;\"><span style=\"color: #374151; font-family: S\u00f6hne, ui-sans-serif, system-ui, -apple-system, Segoe UI, Roboto, Ubuntu, Cantarell, Noto Sans, sans-serif, Helvetica Neue, Arial, Apple Color Emoji, Segoe UI Emoji, Segoe UI Symbol, Noto Color Emoji;\"><span style=\"font-size: 16px; white-space: pre-wrap;\">Comunicamos la informaci\u00f3n relevante de nuestra copropiedad a trav\u00e9s de los medios de comunicaci\u00f3n para mantener informada a la comunidad en general.     <\/span><\/span><span style=\"font-size: 16px; white-space: pre-wrap; color: #374151; font-family: S\u00f6hne, ui-sans-serif, system-ui, -apple-system, 'Segoe UI', Roboto, Ubuntu, Cantarell, 'Noto Sans', sans-serif, 'Helvetica Neue', Arial, 'Apple Color Emoji', 'Segoe UI Emoji', 'Segoe UI Symbol', 'Noto Color Emoji';\">Comit\u00e9 de convivencia: crpasteur.comitedeconvivencia@gmail.com<\/span><\/div>\t\t\t\t\t\t<\/div>\n\t\t\t\t<\/div>\n\t\t\t\t<div class=\"elementor-element elementor-element-a543306 elementor-widget elementor-widget-spacer\" data-id=\"a543306\" data-element_type=\"widget\" data-widget_type=\"spacer.default\">\n\t\t\t\t<div class=\"elementor-widget-container\">\n\t\t\t\t\t<div class=\"elementor-spacer\">\n\t\t\t<div class=\"elementor-spacer-inner\"><\/div>\n\t\t<\/div>\n\t\t\t\t<\/div>\n\t\t\t\t<\/div>\n\t\t\t\t\t<\/div>\n\t\t<\/div>\n\t\t\t\t\t\t\t<\/div>\n\t\t<\/section>\n\t\t\t\t<section class=\"elementor-section elementor-top-section elementor-element elementor-element-fba32ab elementor-section-boxed elementor-section-height-default elementor-section-height-default\" data-id=\"fba32ab\" data-element_type=\"section\">\n\t\t\t\t\t\t<div class=\"elementor-container elementor-column-gap-default\">\n\t\t\t\t\t<div class=\"elementor-column elementor-col-100 elementor-top-column elementor-element elementor-element-50db7d7\" data-id=\"50db7d7\" data-element_type=\"column\">\n\t\t\t<div class=\"elementor-widget-wrap elementor-element-populated\">\n\t\t\t\t\t\t\t\t<div class=\"elementor-element elementor-element-ca72c42 elementor-widget elementor-widget-image\" data-id=\"ca72c42\" data-element_type=\"widget\" data-widget_type=\"image.default\">\n\t\t\t\t<div class=\"elementor-widget-container\">\n\t\t\t\t\t\t\t\t\t\t\t\t\t\t\t<img loading=\"lazy\" decoding=\"async\" width=\"724\" height=\"1024\" src=\"https:\/\/crpasteur.com\/wp-content\/uploads\/2025\/04\/Ninos-en-areas-comunes-724x1024.jpg\" class=\"attachment-large size-large\" alt=\"\" srcset=\"https:\/\/crpasteur.com\/wp-content\/uploads\/2025\/04\/Ninos-en-areas-comunes-724x1024.jpg 724w, https:\/\/crpasteur.com\/wp-content\/uploads\/2025\/04\/Ninos-en-areas-comunes-212x300.jpg 212w, https:\/\/crpasteur.com\/wp-content\/uploads\/2025\/04\/Ninos-en-areas-comunes-768x1086.jpg 768w, https:\/\/crpasteur.com\/wp-content\/uploads\/2025\/04\/Ninos-en-areas-comunes-1086x1536.jpg 1086w, https:\/\/crpasteur.com\/wp-content\/uploads\/2025\/04\/Ninos-en-areas-comunes.jpg 1414w\" sizes=\"auto, (max-width: 724px) 100vw, 724px\" \/>\t\t\t\t\t\t\t\t\t\t\t\t\t\t\t<\/div>\n\t\t\t\t<\/div>\n\t\t\t\t\t<\/div>\n\t\t<\/div>\n\t\t\t\t\t\t\t<\/div>\n\t\t<\/section>\n\t\t\t\t<section class=\"elementor-section elementor-top-section elementor-element elementor-element-2e63e53 elementor-section-boxed elementor-section-height-default elementor-section-height-default\" data-id=\"2e63e53\" data-element_type=\"section\">\n\t\t\t\t\t\t<div class=\"elementor-container elementor-column-gap-default\">\n\t\t\t\t\t<div class=\"elementor-column elementor-col-50 elementor-top-column elementor-element elementor-element-9d2e904\" data-id=\"9d2e904\" data-element_type=\"column\">\n\t\t\t<div class=\"elementor-widget-wrap\">\n\t\t\t\t\t\t\t\t\t<\/div>\n\t\t<\/div>\n\t\t\t\t<div class=\"elementor-column elementor-col-50 elementor-top-column elementor-element elementor-element-0dec22b\" data-id=\"0dec22b\" data-element_type=\"column\">\n\t\t\t<div class=\"elementor-widget-wrap\">\n\t\t\t\t\t\t\t\t\t<\/div>\n\t\t<\/div>\n\t\t\t\t\t\t\t<\/div>\n\t\t<\/section>\n\t\t\t\t<section class=\"elementor-section elementor-top-section elementor-element elementor-element-d898dfa elementor-section-boxed elementor-section-height-default elementor-section-height-default\" data-id=\"d898dfa\" data-element_type=\"section\">\n\t\t\t\t\t\t<div class=\"elementor-container elementor-column-gap-default\">\n\t\t\t\t\t<div class=\"elementor-column elementor-col-50 elementor-top-column elementor-element elementor-element-473c661\" data-id=\"473c661\" data-element_type=\"column\">\n\t\t\t<div class=\"elementor-widget-wrap elementor-element-populated\">\n\t\t\t\t\t\t\t\t<div class=\"elementor-element elementor-element-f9909fd elementor-widget elementor-widget-image\" data-id=\"f9909fd\" data-element_type=\"widget\" data-widget_type=\"image.default\">\n\t\t\t\t<div class=\"elementor-widget-container\">\n\t\t\t\t\t\t\t\t\t\t\t\t\t\t\t<img loading=\"lazy\" decoding=\"async\" width=\"1024\" height=\"1024\" src=\"https:\/\/crpasteur.com\/wp-content\/uploads\/2023\/04\/6-1024x1024.png\" class=\"attachment-large size-large\" alt=\"\" srcset=\"https:\/\/crpasteur.com\/wp-content\/uploads\/2023\/04\/6-1024x1024.png 1024w, https:\/\/crpasteur.com\/wp-content\/uploads\/2023\/04\/6-300x300.png 300w, https:\/\/crpasteur.com\/wp-content\/uploads\/2023\/04\/6-150x150.png 150w, https:\/\/crpasteur.com\/wp-content\/uploads\/2023\/04\/6-768x768.png 768w, https:\/\/crpasteur.com\/wp-content\/uploads\/2023\/04\/6.png 1080w\" sizes=\"auto, (max-width: 1024px) 100vw, 1024px\" \/>\t\t\t\t\t\t\t\t\t\t\t\t\t\t\t<\/div>\n\t\t\t\t<\/div>\n\t\t\t\t\t<\/div>\n\t\t<\/div>\n\t\t\t\t<div class=\"elementor-column elementor-col-50 elementor-top-column elementor-element elementor-element-c16b7b7\" data-id=\"c16b7b7\" data-element_type=\"column\">\n\t\t\t<div class=\"elementor-widget-wrap elementor-element-populated\">\n\t\t\t\t\t\t\t\t<div class=\"elementor-element elementor-element-7ca2a71 elementor-widget elementor-widget-image\" data-id=\"7ca2a71\" data-element_type=\"widget\" data-widget_type=\"image.default\">\n\t\t\t\t<div class=\"elementor-widget-container\">\n\t\t\t\t\t\t\t\t\t\t\t\t\t\t\t<img loading=\"lazy\" decoding=\"async\" width=\"1024\" height=\"1024\" src=\"https:\/\/crpasteur.com\/wp-content\/uploads\/2023\/04\/5-1024x1024.png\" class=\"attachment-large size-large\" alt=\"\" srcset=\"https:\/\/crpasteur.com\/wp-content\/uploads\/2023\/04\/5-1024x1024.png 1024w, https:\/\/crpasteur.com\/wp-content\/uploads\/2023\/04\/5-300x300.png 300w, https:\/\/crpasteur.com\/wp-content\/uploads\/2023\/04\/5-150x150.png 150w, https:\/\/crpasteur.com\/wp-content\/uploads\/2023\/04\/5-768x768.png 768w, https:\/\/crpasteur.com\/wp-content\/uploads\/2023\/04\/5.png 1080w\" sizes=\"auto, (max-width: 1024px) 100vw, 1024px\" \/>\t\t\t\t\t\t\t\t\t\t\t\t\t\t\t<\/div>\n\t\t\t\t<\/div>\n\t\t\t\t\t<\/div>\n\t\t<\/div>\n\t\t\t\t\t\t\t<\/div>\n\t\t<\/section>\n\t\t\t\t<section class=\"elementor-section elementor-top-section elementor-element elementor-element-04a9f85 elementor-section-boxed elementor-section-height-default elementor-section-height-default\" data-id=\"04a9f85\" data-element_type=\"section\">\n\t\t\t\t\t\t<div class=\"elementor-container elementor-column-gap-default\">\n\t\t\t\t\t<div class=\"elementor-column elementor-col-50 elementor-top-column elementor-element elementor-element-47e3311\" data-id=\"47e3311\" data-element_type=\"column\">\n\t\t\t<div class=\"elementor-widget-wrap elementor-element-populated\">\n\t\t\t\t\t\t\t\t<div class=\"elementor-element elementor-element-648c7c4 elementor-widget elementor-widget-image\" data-id=\"648c7c4\" data-element_type=\"widget\" data-widget_type=\"image.default\">\n\t\t\t\t<div class=\"elementor-widget-container\">\n\t\t\t\t\t\t\t\t\t\t\t\t\t\t\t<img loading=\"lazy\" decoding=\"async\" width=\"1024\" height=\"1024\" src=\"https:\/\/crpasteur.com\/wp-content\/uploads\/2023\/04\/4-1024x1024.png\" class=\"attachment-large size-large\" alt=\"\" srcset=\"https:\/\/crpasteur.com\/wp-content\/uploads\/2023\/04\/4-1024x1024.png 1024w, https:\/\/crpasteur.com\/wp-content\/uploads\/2023\/04\/4-300x300.png 300w, https:\/\/crpasteur.com\/wp-content\/uploads\/2023\/04\/4-150x150.png 150w, https:\/\/crpasteur.com\/wp-content\/uploads\/2023\/04\/4-768x768.png 768w, https:\/\/crpasteur.com\/wp-content\/uploads\/2023\/04\/4.png 1080w\" sizes=\"auto, (max-width: 1024px) 100vw, 1024px\" \/>\t\t\t\t\t\t\t\t\t\t\t\t\t\t\t<\/div>\n\t\t\t\t<\/div>\n\t\t\t\t\t<\/div>\n\t\t<\/div>\n\t\t\t\t<div class=\"elementor-column elementor-col-50 elementor-top-column elementor-element elementor-element-28382a1\" data-id=\"28382a1\" data-element_type=\"column\">\n\t\t\t<div class=\"elementor-widget-wrap elementor-element-populated\">\n\t\t\t\t\t\t\t\t<div class=\"elementor-element elementor-element-e047955 elementor-widget elementor-widget-image\" data-id=\"e047955\" data-element_type=\"widget\" data-widget_type=\"image.default\">\n\t\t\t\t<div class=\"elementor-widget-container\">\n\t\t\t\t\t\t\t\t\t\t\t\t\t\t\t<img loading=\"lazy\" decoding=\"async\" width=\"1024\" height=\"1024\" src=\"https:\/\/crpasteur.com\/wp-content\/uploads\/2023\/04\/3-1024x1024.png\" class=\"attachment-large size-large\" alt=\"\" srcset=\"https:\/\/crpasteur.com\/wp-content\/uploads\/2023\/04\/3-1024x1024.png 1024w, https:\/\/crpasteur.com\/wp-content\/uploads\/2023\/04\/3-300x300.png 300w, https:\/\/crpasteur.com\/wp-content\/uploads\/2023\/04\/3-150x150.png 150w, https:\/\/crpasteur.com\/wp-content\/uploads\/2023\/04\/3-768x768.png 768w, https:\/\/crpasteur.com\/wp-content\/uploads\/2023\/04\/3.png 1080w\" sizes=\"auto, (max-width: 1024px) 100vw, 1024px\" \/>\t\t\t\t\t\t\t\t\t\t\t\t\t\t\t<\/div>\n\t\t\t\t<\/div>\n\t\t\t\t\t<\/div>\n\t\t<\/div>\n\t\t\t\t\t\t\t<\/div>\n\t\t<\/section>\n\t\t\t\t<section class=\"elementor-section elementor-top-section elementor-element elementor-element-c4eaf58 elementor-section-boxed elementor-section-height-default elementor-section-height-default\" data-id=\"c4eaf58\" data-element_type=\"section\">\n\t\t\t\t\t\t<div class=\"elementor-container elementor-column-gap-default\">\n\t\t\t\t\t<div class=\"elementor-column elementor-col-50 elementor-top-column elementor-element elementor-element-1523ab6\" data-id=\"1523ab6\" data-element_type=\"column\">\n\t\t\t<div class=\"elementor-widget-wrap elementor-element-populated\">\n\t\t\t\t\t\t\t\t<div class=\"elementor-element elementor-element-29cbeff elementor-widget elementor-widget-image\" data-id=\"29cbeff\" data-element_type=\"widget\" data-widget_type=\"image.default\">\n\t\t\t\t<div class=\"elementor-widget-container\">\n\t\t\t\t\t\t\t\t\t\t\t\t\t\t\t<img loading=\"lazy\" decoding=\"async\" width=\"1024\" height=\"1024\" src=\"https:\/\/crpasteur.com\/wp-content\/uploads\/2023\/04\/2-1024x1024.png\" class=\"attachment-large size-large\" alt=\"\" srcset=\"https:\/\/crpasteur.com\/wp-content\/uploads\/2023\/04\/2-1024x1024.png 1024w, https:\/\/crpasteur.com\/wp-content\/uploads\/2023\/04\/2-300x300.png 300w, https:\/\/crpasteur.com\/wp-content\/uploads\/2023\/04\/2-150x150.png 150w, https:\/\/crpasteur.com\/wp-content\/uploads\/2023\/04\/2-768x768.png 768w, https:\/\/crpasteur.com\/wp-content\/uploads\/2023\/04\/2.png 1080w\" sizes=\"auto, (max-width: 1024px) 100vw, 1024px\" \/>\t\t\t\t\t\t\t\t\t\t\t\t\t\t\t<\/div>\n\t\t\t\t<\/div>\n\t\t\t\t\t<\/div>\n\t\t<\/div>\n\t\t\t\t<div class=\"elementor-column elementor-col-50 elementor-top-column elementor-element elementor-element-29acb62\" data-id=\"29acb62\" data-element_type=\"column\">\n\t\t\t<div class=\"elementor-widget-wrap elementor-element-populated\">\n\t\t\t\t\t\t\t\t<div class=\"elementor-element elementor-element-64a882c elementor-widget elementor-widget-image\" data-id=\"64a882c\" data-element_type=\"widget\" data-widget_type=\"image.default\">\n\t\t\t\t<div class=\"elementor-widget-container\">\n\t\t\t\t\t\t\t\t\t\t\t\t\t\t\t<img loading=\"lazy\" decoding=\"async\" width=\"1024\" height=\"1024\" src=\"https:\/\/crpasteur.com\/wp-content\/uploads\/2023\/04\/1-1024x1024.png\" class=\"attachment-large size-large\" alt=\"\" srcset=\"https:\/\/crpasteur.com\/wp-content\/uploads\/2023\/04\/1-1024x1024.png 1024w, https:\/\/crpasteur.com\/wp-content\/uploads\/2023\/04\/1-300x300.png 300w, https:\/\/crpasteur.com\/wp-content\/uploads\/2023\/04\/1-150x150.png 150w, https:\/\/crpasteur.com\/wp-content\/uploads\/2023\/04\/1-768x768.png 768w, https:\/\/crpasteur.com\/wp-content\/uploads\/2023\/04\/1.png 1080w\" sizes=\"auto, (max-width: 1024px) 100vw, 1024px\" \/>\t\t\t\t\t\t\t\t\t\t\t\t\t\t\t<\/div>\n\t\t\t\t<\/div>\n\t\t\t\t\t<\/div>\n\t\t<\/div>\n\t\t\t\t\t\t\t<\/div>\n\t\t<\/section>\n\t\t\t\t\t\t\t<\/div>\n\t\t","protected":false},"excerpt":{"rendered":"<p>Compartimos informaci\u00f3n relevante: Comunicamos la informaci\u00f3n relevante de nuestra copropiedad a trav\u00e9s de los medios de comunicaci\u00f3n para mantener informada a la comunidad en general. Comit\u00e9 de convivencia: crpasteur.comitedeconvivencia@gmail.com<\/p>\n","protected":false},"author":1,"featured_media":0,"parent":0,"menu_order":0,"comment_status":"closed","ping_status":"closed","template":"","meta":{"spay_email":"","footnotes":""},"class_list":["post-13","page","type-page","status-publish","hentry"],"_links":{"self":[{"href":"https:\/\/crpasteur.com\/index.php\/wp-json\/wp\/v2\/pages\/13","targetHints":{"allow":["GET"]}}],"collection":[{"href":"https:\/\/crpasteur.com\/index.php\/wp-json\/wp\/v2\/pages"}],"about":[{"href":"https:\/\/crpasteur.com\/index.php\/wp-json\/wp\/v2\/types\/page"}],"author":[{"embeddable":true,"href":"https:\/\/crpasteur.com\/index.php\/wp-json\/wp\/v2\/users\/1"}],"replies":[{"embeddable":true,"href":"https:\/\/crpasteur.com\/index.php\/wp-json\/wp\/v2\/comments?post=13"}],"version-history":[{"count":128,"href":"https:\/\/crpasteur.com\/index.php\/wp-json\/wp\/v2\/pages\/13\/revisions"}],"predecessor-version":[{"id":2879,"href":"https:\/\/crpasteur.com\/index.php\/wp-json\/wp\/v2\/pages\/13\/revisions\/2879"}],"wp:attachment":[{"href":"https:\/\/crpasteur.com\/index.php\/wp-json\/wp\/v2\/media?parent=13"}],"curies":[{"name":"wp","href":"https:\/\/api.w.org\/{rel}","templated":true}]}}